t y be (n + (-1 - 1))*2. Calculate k(y).
3
Let m(l) = 2 + 4*l + 5 + 0 - 5. Calculate m(2).
10
Suppose -2*m + 2*y + 18 = 0, -18 + 1 = -5*m - 2*y. Let a(w) = -3*w + w - w**3 + 2 - m*w**2 + 0. Let z(f) = -f - 11. Let i be z(-8). Give a(i).
-10
Let o = -15 + 21. Let f(n) = 0 - 4*n - 1 - o*n**2 - 1 - n**3. Let c = -66 + 61. What is f(c)?
-7
Suppose 3*s - 10 = -2*s. Let g(z) = -z**s + 3 - 2 - 6*z + 2*z**2. What is g(5)?
-4
Let y(k) = 2*k - 7. Let x = 2 - -2. Suppose -6*t + 4*t - x = 0. Let q(m) = -3*m - 1. Let n be q(t). What is y(n)?
3
Let i = 7 - 8. Let s(w) = 2*w + 20. Let c(p) = -p - 7. Let f(v) = -17*c(v) - 6*s(v). What is f(i)?
-6
Suppose c + 5 = -m, 4 - 3 = -m. Let t(p) be the first derivative of p**3/3 + p**2 - 2*p - 47. Determine t(c).
6
Let b(v) = -v**3 - v**2 - 3*v - 3. Let w = 11 - 13. Give b(w).
7
Let o(l) be the third derivative of l**7/840 - l**6/60 + l**4/4 + l**3/3 + 3*l**2. Let g(j) be the first derivative of o(j). What is g(6)?
6
Let j(k) = -4*k**2 - k - 6. Let b(x) = -3*x**2 - x - 5. Let m(i) = 3*b(i) - 2*j(i). Suppose a - y + 1 = 0, 7*a + 5*y = 9*a + 5. What is m(a)?
-3
Let y(q) be the second derivative of -q**4/12 - q**3 + 4*q**2 - 63*q. What is y(-6)?
8
Let y(r) = -4*r**3 - r**3 + 4*r**3 - r**2 + 2*r**3 + r - 1. Let z = 5 - 3. Give y(z).
5
Let l(o) = 1 + 4 - 51*o + 49*o. What is l(4)?
-3
Suppose 0 = o - 0 + 2. Let v(s) = -26 - 5*s - 28 + 51. What is v(o)?
7
Let x(d) = d. Let g be x(-4). Let y(a) be the second derivative of a**3/6 + a**2 + 2*a. Give y(g).
-2
Let s = -20 + 23. Suppose -4*c - 16 = 3*y, 3*y - s = c + 1. Let l(f) = -f**2 - f - 7. What is l(y)?
-7
Suppose -4*g - 9 = -7*g. Let x be 2 + (0 - g) + -3. Let c(u) = 4*u + 3 + u**2 + 0*u + 1. Calculate c(x).
4
Let u = 3 - 0. Suppose -g - 1 + 8 = 3*f, -11 = f + u*g. Suppose 5*m - m = f. Let t(b) = 9*b**3 + b**2 - 1. What is t(m)?
9
Let y(j) be the third derivative of -j**6/60 + j**5/30 + j**4/24 + j**3/3 + 2*j**2. Let d be 11/(-3) - (-1)/(-3). Let p = d + 6. Calculate y(p).
-4
Let x(d) = 3*d - 1. Let c(u) = u + 1. Let z be c(-2). Calculate x(z).
-4
Let x(n) = n - 6. Let d be x(10). Suppose -d*z + 3*z = 0. Let h(b) = -b**2 + b - 8. Calculate h(z).
-8
Let d(t) be the third derivative of -t**5/60 - t**4/24 - 7*t**3/6 + 45*t**2. Determine d(0).
-7
Let u(v) = -5*v**3 - 1. Let t(h) = h**3 - h**2 - h. Let g(x) = -4*t(x) - u(x). Calculate g(-3).
-2
Let h(z) = z. Let l(s) = -s**3 - 4*s - 3. Let c(x) = -3*h(x) - l(x). Let r = 1 + -1. Calculate c(r).
3
Let p(w) = 3*w**2 + 1. Suppose -5*u = 2*t - 3, -1 = 2*t - 3*u + 4*u. Give p(t).
4
Let i(m) = 2*m - m**3 - 4*m - 9 + 3*m. Suppose 0 = -4*w - 5*x + 4, -5 = -5*w - 2*x - x. Let c = -1 + w. What is i(c)?
-9
Let k(u) = -4*u + 5*u + 8 + 3*u - 3*u. Give k(6).
14
Let b(r) be the first derivative of -r**3/3 + r**2/2 + 4*r - 1. What is b(-4)?
-16
Let x(w) = w + 5. Let t(q) = -q**3 + 6*q**2 - 3*q - 5. Let c be t(5). What is x(c)?
10
Suppose 4*a - 8 - 4 = 0. Let x(o) be the second derivative of -1/6*o**a - 2*o**2 + 2*o + 0. Determine x(5).
-9
Let z(k) = 6*k - 4*k - 3*k. Determine z(5).
-5
Let t = 6 + -3. Suppose -4*s - 5*m + 0*m + 31 = 0, 4*s + t*m - 25 = 0. Let g(k) = -k**3 + 5*k**2 - 6*k + 2. What is g(s)?
-6
Let l(f) = 8*f + 1. Let s be (-336)/(-35) + (-4)/(-10). Let c be s/(-8) - 5/(-20). Calculate l(c).
-7
Let w(u) = -9*u - 2. Let n(y) = -4*y - 1. Let d(r) = 5*n(r) - 3*w(r). Calculate d(-2).
-13
Let t(w) be the first derivative of -w**3/6 + 2*w**2 + w + 2. Let d(r) be the first derivative of t(r). What is d(-3)?
7
Let q(u) = u + 2. Let o be (1 + -7)/3*-7. Suppose 0 = -b + 2*g + 3*g + 4, -4*b + 5*g - o = 0. Let j be q(b). Let l(d) = -2*d - 5. Give l(j).
3
Let g(b) be the second derivative of b**3/6 - 3*b**2 - 20*b. Give g(7).
1
Suppose -4*n + 44 = y + 4*y, -16 = -4*y. Let k(a) be the second derivative of a**5/20 - 7*a**4/12 + 4*a**3/3 - 3*a**2 + 9*a. Determine k(n).
6
Suppose -2*t - 2*a = -8, 0 = -0*t + t - 3*a - 8. Let h(l) = l**3 - 4*l**2 - 5*l - 6. Give h(t).
-6
Suppose -3*a + 20 = 5*x, 0 = -4*x - a + 25 - 9. Let b(m) = m**2 - 6*m - 4. Calculate b(x).
-12
Let v(a) = -a**2 + 7*a - 5. Suppose -6 = -4*w + 26. Let u be w*1/2 - -1. Suppose -5 = -2*m + u. Determine v(m).
5
Let k(r) = -8*r. Let b = -4 + 2. Let h = b - -3. Determine k(h).
-8
Let v(n) = -n + 1. Let c(w) = w**3 - w**2 + w + 5. Let j be c(0). Let x be v(j). Let s(o) = -o**2 - 2*o + 4. Give s(x).
-4
Let b(d) = d**3 - 5*d**2 + 4*d - 2. Let l = -60 - -64. Give b(l).
-2
Let i(z) = -3*z**2 + 8*z + 1. Let g(a) = 4*a**2 - 8*a - 1. Let j(x) = -2*g(x) - 3*i(x). Calculate j(7).
-8
Suppose -5*n = -3*i + 4, 3*n + n + 5*i = 19. Let c(z) be the third derivative of -z**5/60 + z**4/24 + 3*z**2. What is c(n)?
0
Suppose -2*p + 22 = -2*c - 4*p, -5*c = 2*p + 40. Let z(u) = -u - 6. Give z(c).
0
Let c(r) = -4*r**2 + 1. Suppose l = g + 1, -5*g + 0 + 3 = -l. Determine c(g).
-3
Let o(v) = 7*v**3 - 2*v**2 + 1. Suppose 2*x + 3*x + 43 = -3*d, -20 = 2*d - x. Let k(a) = a**3 + 12*a**2 + 12*a + 10. Let n be k(d). Give o(n).
-8
Let j(d) = -d**2 - 3*d + 1. Suppose 149 = -4*p + 509. Let h be p/(-9)*(-2)/(-5). Calculate j(h).
-3
Let c(d) = 3*d - 3. Let v be c(4). Let l(a) = -v + 3*a**3 + 8 - 2*a**3 - 4*a**3. Give l(-1).
2
Suppose 0 = 5*m - 0*m + 5. Let w(r) = 14*r**3 + r + 1. Determine w(m).
-14
Suppose 2*y - 2 = 2. Let r(p) = -p + 0*p - y*p + 4 + 0. Let s = -4 - -7. Calculate r(s).
-5
Let t(n) = 2*n - 5. Let v = -24 + 34. Let h be 26/6 - v/(-15). Calculate t(h).
5
Suppose 8 = -g + 5*g. Suppose 4*z + 0*z = 0. Let f(x) = z*x + x**2 - x - 10 + 0*x**g. Give f(0).
-10
Suppose 2*q = -2 + 4. Suppose 21 = 5*d - 3*j, d + 4*j = -q + 19. Let x(h) = -h**2 + 6*h - 4. Determine x(d).
-4
Let b(a) = 2*a - a - a**2 - 76 + 81. Let z = 2 - -2. Calculate b(z).
-7
Let k(f) = -2*f + 2. Let g be 5/1 + 9/(-3). Let y = -1 + 2. Let o be y - 1 - (-4)/g. What is k(o)?
-2
Let n(b) be the first derivative of -1/4*b**4 - 5/2*b**2 - 2*b**3 - 3 + 3*b. Let d be 10/8*(1 - 5). Determine n(d).
3
Let h be (-3)/(-2) + 11/(-2). Let d(o) = -o - 5. Determine d(h).
-1
Let f be (-1*6/(-9))/((-13)/(-78)). Let t(o) = -o**3 + 5*o**2 - 4*o - 5. Determine t(f).
-5
Let m = -63 - -65. Let t(i) = i**2 - 2*i + 2. Calculate t(m).
2
Let c(j) = -3. Let r(f) = 3. Let i(k) = -3*c(k) - 4*r(k). Let y(z) = -z. Let n(a) = i(a) - y(a). Let s be n(5). Let g(t) = -t. Give g(s).
-2
Let h(r) = -r**3 + 6*r**2 + r + 8. Let x = 4 - -2. What is h(x)?
14
Let i(y) be the first derivative of y**2/2 - 2*y + 1. Let p(m) = -m + 7. Let g be p(4). Suppose 0 = 2*q + g*o + 10, 5*o = -4*q + 3*o - 20. Calculate i(q).
-7
Let b(d) = -2 - 4 + 1 + 2*d. Let r be (0/1)/(-1) + 3. Suppose 3*h + r*k = 18, -h = 4*k + k - 10. What is b(h)?
5
Let f(z) be the third derivative of -z**5/60 + z**4/6 + z**3 - z**2. Let n be (-2)/4*-10 + -2. Suppose 4*y = 17 + n. Determine f(y).
1
Let t(b) = 1. Let s(f) = f - 3. Let v(u) = s(u) + 5*t(u). Let r = 5 - 1. Give v(r).
6
Let g(z) = z**2 - 9 + 4*z + 7 - 2*z**2. Let a be g(2). Let r(u) be the first derivative of u**2 + u + 3. Give r(a).
5
Let b(g) = 7*g**3 - 2*g**2 + 5*g + 2. Let n(a) = -3*a**3 + a**2 - 2*a - 1. Let f(p) = 2*b(p) + 5*n(p). Determine f(-1).
1
Let i = 15 - 11. Suppose 1 = 2*q - 3*b, 5*b - 11 = q - i*q. Let t(o) = -o**3 + o**2 + 2*o - 2. What is t(q)?
-2
Let b(u) be the first derivative of u**3/3 - u + 1. Let i be 5*(-2)/5*4/8. Determine b(i).
0
Let s be (3 - 2)/(1/3). Let g(m) = -1 + 5*m + 2*m + s + m**2. Let l be 2 - (5 + (0 - -2)). Give g(l).
-8
Let f(n) = n**3 - 2*n**2 + 3*n - 1. Let w(g) = -6*g + 5*g + 9 + 7*g**2 - g**3 + 0*g. Let j be w(7). What is f(j)?
5
Let t(d) = -d - 7. Let p be t(-8). Let m(v) = 2*v - 1. What is m(p)?
1
Suppose -4*x = 3*b - 6, -5*b - x + 8 = -b. Let y(n) = 2*n**3 + 2*n**2 - 9*n + 2. Let i(s) = 3*s**3 + 3*s**2 - 13*s + 3. Let t(l) = 5*i(l) - 7*y(l). Give t(b).
9
Let y(n) = 4*n + 9. Let j(d) = d + 2. Let f(k) = 9*j(k) - 2*y(k). Calculate f(5).
5
Let o(v) be the third derivative of 0 - 1/6*v**4 - 3*v**2 + 1/6*v**3 + 0*v. What is o(2)?
-7
Let g = -10 - -5. Let i(d) be the first derivative of -d**4/24 + d**3/6 - d**2 - 2. Let h(p) be the second derivative of i(p). Determine h(g).
6
Let x(f) = -1. Let k(m) be the first derivative of m**2/2 + 2*m + 3. Let h(u) = -k(u) + 5*x(u). Let y(r) = -r. Let c be y(5). What is h(c)?
-2
Let h(f) be 